{"id":13393,"date":"2020-03-30T17:59:36","date_gmt":"2020-03-30T15:59:36","guid":{"rendered":"https:\/\/kelgukoerad.ee\/hellerkantri\/?page_id=13393"},"modified":"2020-03-30T18:25:59","modified_gmt":"2020-03-30T16:25:59","slug":"maglelin-genji","status":"publish","type":"page","link":"https:\/\/kelgukoerad.ee\/hellerkantri\/maglelin-genji\/","title":{"rendered":"Maglelin Genji"},"content":{"rendered":"\n<p><strong>Rakendikoer<\/strong><\/p>\n\n\n\n<p><em>Kodus tuntud ka kui Geena, r\u00f6\u00f6vel\u00f6\u00f6bik, r\u00f6\u00f6vel-Ronja, t\u00f6\u00f6r\u00f6\u00f6bik :)<\/em><\/p>\n\n\n\n<p><strong>S\u00fcndinud: <\/strong>08.03.2013<strong><br>Ema:<\/strong> <a href=\"https:\/\/jalostus.kennelliitto.fi\/frmKoira.aspx?RekNo=FI15182%2F11&amp;R=270\" target=\"_blank\" rel=\"noreferrer noopener\" aria-label=\"Kefeus Hexe's Skathi (opens in a new tab)\">Kefeus Hexe&#8217;s Skathi<\/a><br><strong>Isa:<\/strong> <a href=\"https:\/\/jalostus.kennelliitto.fi\/frmKoira.aspx?RekNo=FIN11501\/08&amp;R=270\" target=\"_blank\" rel=\"noreferrer noopener\" aria-label=\"Maglelin Barak (opens in a new tab)\">Maglelin Barak<\/a><br><strong>Kasvataja:<\/strong> Raine Niemi<br><strong>Omanik:<\/strong> Helle Kaljula<br><a rel=\"noreferrer noopener\" href=\"https:\/\/register.kennelliit.ee\/index.php?page=dogCard&amp;dogId=205698\" target=\"_blank\">FCI \/ Eesti Kennelliidu register<\/a><\/p>\n\n\n\n<h4>Iseloomustus<\/h4>\n\n\n\n<p>Genji on keskmist kasvu emane siberi husky. Ta on v\u00e4ga temperamentne, julge loomu ning tohutult suure t\u00f6\u00f6innuga, kes on alati valmis tegudeks! Kutsume teda ka t\u00f6\u00f6r\u00f6\u00f6bikuks :) Sageli arvatakse, et Genji on kutsikas v\u00f5i v\u00e4ga noor &#8211; seda ilmselt seet\u00f5ttu, et tal on \u00fcsna tagasihoidlik karvastik (v\u00f5iks olla rikkalikum) ja omap\u00e4rane ilme. Tal on ka v\u00e4ga hea s\u00f6\u00f6gi &#8211; ja joogiisu. Erinevalt meie teistest huskydest on Genjile loomuomane traavida v\u00e4ga pika ja kiire sammuga. Temperamentse loomu t\u00f5ttu vajab ta palju liikumist &#8211; selleks on meil jooksuaedik, kus ta saab nautida liikumist. Ideaalis sobiks talle sprindi asemel keskpikk v\u00f5i pikamaa distants. Sellegipoolest on ta saavutanud meie tiimis v\u00e4ga h\u00e4id tulemusi ka sprindi distantsidel. Genji meenutab v\u00e4ga oma isa Maglelin Baraki.<\/p>\n\n\n\n<h4>Kuidas Genji meile tuli<\/h4>\n\n\n\n<p>Kui alustada algusest siis see oli oma 9 aastat tagasi (aasta 2011) kui soovisime kasutada aretuses Genji isa, MMi keskpikamaa kullav\u00f5itjat Magelin Barak\u2019i. Kuid toonane t\u00f5u\u00fchingu juhatus ei andnud meile paarituseks eriluba. Tol ajal kehtis aretuses kasutatavatele koertele kolme n\u00e4itusehinne n\u00f5ue (2x suurep\u00e4rane ja 1x v\u00e4ga hea). T\u00f6\u00f6koertega oli sel ajal n\u00f5nda k\u00f5rgeid n\u00e4itusehindeid aga \u00fcsna keeruline v\u00f5i pea v\u00f5imatu saada. Aasta v\u00f5i kaks hiljem, avanes meil saatuse tahtel v\u00f5imalus soetada Baraki t\u00fctar Genji. Magelin kenneli peremees otsustas teha kennelielus kannap\u00f6\u00f6rde &#8211; leida oma siberi huskydele uued kodud ning minna edasi alaska huskydega. K\u00f5ik v\u00f5i enamus koeri leidsid kiirelt uued omanikud kelgukoerasportlaste juures. Tema otsus ja sihikindel t\u00f6\u00f6 on teda viinud eesm\u00e4rgi poole &#8211; Raine v\u00f5istleb oma tiimiga Norras&nbsp;<a href=\"https:\/\/www.facebook.com\/finnmarkslopet\/?__tn__=%2CdK%2AF-R&amp;eid=ARAaYFRUrDvS-ntLV4HjvUB1-B0ewaQ-sFrKUamGIj-HvXm06Wb-6hdkBC__efVqOPzrHCB7qR3Gud9G\">Finnmarksl\u00f8pet<\/a>&nbsp;kelgukoerte pikamaav\u00f5istlusel.<br><br>Genjil on p\u00e4ris mitu h\u00fc\u00fcdnime &#8211; kodus h\u00fc\u00fcame teda hoopis Genaks ja r\u00f6\u00f6vel Ronjaks.&nbsp;Genji on Hellerkantri T-pesakonna ema. Tema j\u00e4rglased Tarky, Turbo, Taanja, Tembsy, Tibby ja Taly said asjalikud omanikud ning meil on tulevikus v\u00f5imalus soetada Genji lapselaps v\u00f5i lapselapselaps kennelist Atlapack v\u00f5i Myrgel\u2019s.&nbsp;<\/p>\n\n\n\n<p class=\"has-text-align-right\"><em>Kirjutatud 2020a.<\/em><\/p>\n\n\n\n<figure class=\"wp-block-image size-large\"><img loading=\"lazy\" width=\"1571\" height=\"1048\" src=\"https:\/\/kelgukoerad.ee\/hellerkantri\/wp-content\/uploads\/2019\/04\/Maglelin-Genji-1571x1048.jpg\" alt=\"Maglelin Genji\" class=\"wp-image-11447\" srcset=\"https:\/\/kelgukoerad.ee\/hellerkantri\/wp-content\/uploads\/2019\/04\/Maglelin-Genji-1571x1048.jpg 1571w, https:\/\/kelgukoerad.ee\/hellerkantri\/wp-content\/uploads\/2019\/04\/Maglelin-Genji-200x133.jpg 200w, https:\/\/kelgukoerad.ee\/hellerkantri\/wp-content\/uploads\/2019\/04\/Maglelin-Genji-300x200.jpg 300w, https:\/\/kelgukoerad.ee\/hellerkantri\/wp-content\/uploads\/2019\/04\/Maglelin-Genji-768x512.jpg 768w, https:\/\/kelgukoerad.ee\/hellerkantri\/wp-content\/uploads\/2019\/04\/Maglelin-Genji-600x400.jpg 600w, https:\/\/kelgukoerad.ee\/hellerkantri\/wp-content\/uploads\/2019\/04\/Maglelin-Genji.jpg 2048w\" sizes=\"(max-width: 1571px) 100vw, 1571px\" \/><figcaption>Genji 2019a.<\/figcaption><\/figure>\n\n\n\n<figure class=\"wp-block-image size-large\"><img loading=\"lazy\" width=\"1570\" height=\"1048\" src=\"https:\/\/kelgukoerad.ee\/hellerkantri\/wp-content\/uploads\/2020\/03\/Genji-1570x1048.jpg\" alt=\"\" class=\"wp-image-13400\" srcset=\"https:\/\/kelgukoerad.ee\/hellerkantri\/wp-content\/uploads\/2020\/03\/Genji-1570x1048.jpg 1570w, https:\/\/kelgukoerad.ee\/hellerkantri\/wp-content\/uploads\/2020\/03\/Genji-300x200.jpg 300w, https:\/\/kelgukoerad.ee\/hellerkantri\/wp-content\/uploads\/2020\/03\/Genji-200x134.jpg 200w, https:\/\/kelgukoerad.ee\/hellerkantri\/wp-content\/uploads\/2020\/03\/Genji-768x513.jpg 768w, https:\/\/kelgukoerad.ee\/hellerkantri\/wp-content\/uploads\/2020\/03\/Genji-1536x1025.jpg 1536w, https:\/\/kelgukoerad.ee\/hellerkantri\/wp-content\/uploads\/2020\/03\/Genji.jpg 1600w\" sizes=\"(max-width: 1570px) 100vw, 1570px\" \/><figcaption>Genji ja Rocco moodustavad hea ja \u00fchtlasi paari. Nad on \u00fchtlasi ka aedikukaaslased. <\/figcaption><\/figure>\n\n\n\n<figure class=\"wp-block-image size-large\"><img loading=\"lazy\" width=\"750\" height=\"500\" src=\"https:\/\/kelgukoerad.ee\/hellerkantri\/wp-content\/uploads\/2014\/05\/huskypark-750x500.jpg\" alt=\"\" class=\"wp-image-6105\" srcset=\"https:\/\/kelgukoerad.ee\/hellerkantri\/wp-content\/uploads\/2014\/05\/huskypark-750x500.jpg 750w, https:\/\/kelgukoerad.ee\/hellerkantri\/wp-content\/uploads\/2014\/05\/huskypark-600x401.jpg 600w, https:\/\/kelgukoerad.ee\/hellerkantri\/wp-content\/uploads\/2014\/05\/huskypark-200x133.jpg 200w, https:\/\/kelgukoerad.ee\/hellerkantri\/wp-content\/uploads\/2014\/05\/huskypark-300x200.jpg 300w, https:\/\/kelgukoerad.ee\/hellerkantri\/wp-content\/uploads\/2014\/05\/huskypark-190x126.jpg 190w, https:\/\/kelgukoerad.ee\/hellerkantri\/wp-content\/uploads\/2014\/05\/huskypark-60x40.jpg 60w, https:\/\/kelgukoerad.ee\/hellerkantri\/wp-content\/uploads\/2014\/05\/huskypark-400x267.jpg 400w, https:\/\/kelgukoerad.ee\/hellerkantri\/wp-content\/uploads\/2014\/05\/huskypark.jpg 1200w\" sizes=\"(max-width: 750px) 100vw, 750px\" \/><figcaption>Genji ja Rocco rakendis.<br><br><\/figcaption><\/figure>\n\n\n\n<h4>Genji isa Maglelin Barak<\/h4>\n\n\n\n<figure class=\"wp-block-image size-large is-resized\"><img loading=\"lazy\" src=\"https:\/\/kelgukoerad.ee\/hellerkantri\/wp-content\/uploads\/2020\/03\/Maglelin-Barak.jpg\" alt=\"\" class=\"wp-image-13411\" width=\"420\" height=\"335\" srcset=\"https:\/\/kelgukoerad.ee\/hellerkantri\/wp-content\/uploads\/2020\/03\/Maglelin-Barak.jpg 560w, https:\/\/kelgukoerad.ee\/hellerkantri\/wp-content\/uploads\/2020\/03\/Maglelin-Barak-300x239.jpg 300w, https:\/\/kelgukoerad.ee\/hellerkantri\/wp-content\/uploads\/2020\/03\/Maglelin-Barak-200x160.jpg 200w\" sizes=\"(max-width: 420px) 100vw, 420px\" \/><figcaption>Barakil on 11x k\u00f5rgeim veov\u00f5istluse tulemus REK1.<\/figcaption><\/figure>\n\n\n\n<h4>Genji ema Kefeus Hexe&#8217;s Skhati<\/h4>\n\n\n\n<figure class=\"wp-block-image size-large is-resized\"><img loading=\"lazy\" src=\"https:\/\/kelgukoerad.ee\/hellerkantri\/wp-content\/uploads\/2020\/03\/Skathi.jpg\" alt=\"\" class=\"wp-image-13416\" width=\"420\" height=\"334\"\/><figcaption>Skhati on Soome t\u00f6\u00f6t\u0161empion ning sooritanud juhtkoera katse k\u00f5rgeimale tulemusele (JOH1) http:\/\/kallionhuskyt.blogspot.com\/p\/katti_58.html<\/figcaption><\/figure>\n","protected":false},"excerpt":{"rendered":"<p>Rakendikoer Kodus tuntud ka kui Geena, r\u00f6\u00f6vel\u00f6\u00f6bik, r\u00f6\u00f6vel-Ronja, t\u00f6\u00f6r\u00f6\u00f6bik :) S\u00fcndinud: 08.03.2013Ema: Kefeus Hexe&#8217;s SkathiIsa: Maglelin BarakKasvataja: Raine NiemiOmanik: Helle KaljulaFCI \/ Eesti Kennelliidu register Iseloomustus Genji on keskmist kasvu emane siberi husky. Ta on v\u00e4ga temperamentne, julge loomu ning tohutult suure t\u00f6\u00f6innuga, kes on alati valmis tegudeks! Kutsume teda ka t\u00f6\u00f6r\u00f6\u00f6bikuks :) Sageli arvatakse,&#8230; <\/p>\n","protected":false},"author":1,"featured_media":13404,"parent":0,"menu_order":0,"comment_status":"closed","ping_status":"closed","template":"","meta":{"_monsterinsights_skip_tracking":false,"_monsterinsights_sitenote_active":false,"_monsterinsights_sitenote_note":"","_monsterinsights_sitenote_category":0},"yoast_head":"<!-- This site is optimized with the Yoast SEO plugin v14.9 - https:\/\/yoast.com\/wordpress\/plugins\/seo\/ -->\n<title>Maglelin Genji - Hellerkantri Huskypark<\/title>\n<meta name=\"robots\" content=\"index, follow, max-snippet:-1, max-image-preview:large, max-video-preview:-1\" \/>\n<link rel=\"canonical\" href=\"https:\/\/kelgukoerad.ee\/hellerkantri\/maglelin-genji\/\" \/>\n<meta property=\"og:locale\" content=\"en_US\" \/>\n<meta property=\"og:type\" content=\"article\" \/>\n<meta property=\"og:title\" content=\"Maglelin Genji - Hellerkantri Huskypark\" \/>\n<meta property=\"og:description\" content=\"Rakendikoer Kodus tuntud ka kui Geena, r\u00f6\u00f6vel\u00f6\u00f6bik, r\u00f6\u00f6vel-Ronja, t\u00f6\u00f6r\u00f6\u00f6bik :) S\u00fcndinud: 08.03.2013Ema: Kefeus Hexe&#8217;s SkathiIsa: Maglelin BarakKasvataja: Raine NiemiOmanik: Helle KaljulaFCI \/ Eesti Kennelliidu register Iseloomustus Genji on keskmist kasvu emane siberi husky. Ta on v\u00e4ga temperamentne, julge loomu ning tohutult suure t\u00f6\u00f6innuga, kes on alati valmis tegudeks! Kutsume teda ka t\u00f6\u00f6r\u00f6\u00f6bikuks :) Sageli arvatakse,...\" \/>\n<meta property=\"og:url\" content=\"https:\/\/kelgukoerad.ee\/hellerkantri\/maglelin-genji\/\" \/>\n<meta property=\"og:site_name\" content=\"Hellerkantri Huskypark\" \/>\n<meta property=\"article:modified_time\" content=\"2020-03-30T16:25:59+00:00\" \/>\n<meta property=\"og:image\" content=\"https:\/\/kelgukoerad.ee\/hellerkantri\/wp-content\/uploads\/2020\/03\/Maglelin-Genji-2020.jpg\" \/>\n\t<meta property=\"og:image:width\" content=\"2048\" \/>\n\t<meta property=\"og:image:height\" content=\"937\" \/>\n<meta name=\"twitter:card\" content=\"summary_large_image\" \/>\n<script type=\"application\/ld+json\" class=\"yoast-schema-graph\">{\"@context\":\"https:\/\/schema.org\",\"@graph\":[{\"@type\":\"WebSite\",\"@id\":\"https:\/\/kelgukoerad.ee\/hellerkantri\/#website\",\"url\":\"https:\/\/kelgukoerad.ee\/hellerkantri\/\",\"name\":\"Hellerkantri Huskypark\",\"description\":\"Hellerkantri Huskypark - kelgukoerte kasvandus ja talu Raplamaal\",\"potentialAction\":[{\"@type\":\"SearchAction\",\"target\":\"https:\/\/kelgukoerad.ee\/hellerkantri\/?s={search_term_string}\",\"query-input\":\"required name=search_term_string\"}],\"inLanguage\":\"en-US\"},{\"@type\":\"ImageObject\",\"@id\":\"https:\/\/kelgukoerad.ee\/hellerkantri\/maglelin-genji\/#primaryimage\",\"inLanguage\":\"en-US\",\"url\":\"https:\/\/kelgukoerad.ee\/hellerkantri\/wp-content\/uploads\/2020\/03\/Maglelin-Genji-2020.jpg\",\"width\":2048,\"height\":937},{\"@type\":\"WebPage\",\"@id\":\"https:\/\/kelgukoerad.ee\/hellerkantri\/maglelin-genji\/#webpage\",\"url\":\"https:\/\/kelgukoerad.ee\/hellerkantri\/maglelin-genji\/\",\"name\":\"Maglelin Genji - Hellerkantri Huskypark\",\"isPartOf\":{\"@id\":\"https:\/\/kelgukoerad.ee\/hellerkantri\/#website\"},\"primaryImageOfPage\":{\"@id\":\"https:\/\/kelgukoerad.ee\/hellerkantri\/maglelin-genji\/#primaryimage\"},\"datePublished\":\"2020-03-30T15:59:36+00:00\",\"dateModified\":\"2020-03-30T16:25:59+00:00\",\"inLanguage\":\"en-US\",\"potentialAction\":[{\"@type\":\"ReadAction\",\"target\":[\"https:\/\/kelgukoerad.ee\/hellerkantri\/maglelin-genji\/\"]}]}]}<\/script>\n<!-- \/ Yoast SEO plugin. -->","_links":{"self":[{"href":"https:\/\/kelgukoerad.ee\/hellerkantri\/wp-json\/wp\/v2\/pages\/13393"}],"collection":[{"href":"https:\/\/kelgukoerad.ee\/hellerkantri\/wp-json\/wp\/v2\/pages"}],"about":[{"href":"https:\/\/kelgukoerad.ee\/hellerkantri\/wp-json\/wp\/v2\/types\/page"}],"author":[{"embeddable":true,"href":"https:\/\/kelgukoerad.ee\/hellerkantri\/wp-json\/wp\/v2\/users\/1"}],"replies":[{"embeddable":true,"href":"https:\/\/kelgukoerad.ee\/hellerkantri\/wp-json\/wp\/v2\/comments?post=13393"}],"version-history":[{"count":19,"href":"https:\/\/kelgukoerad.ee\/hellerkantri\/wp-json\/wp\/v2\/pages\/13393\/revisions"}],"predecessor-version":[{"id":13418,"href":"https:\/\/kelgukoerad.ee\/hellerkantri\/wp-json\/wp\/v2\/pages\/13393\/revisions\/13418"}],"wp:featuredmedia":[{"embeddable":true,"href":"https:\/\/kelgukoerad.ee\/hellerkantri\/wp-json\/wp\/v2\/media\/13404"}],"wp:attachment":[{"href":"https:\/\/kelgukoerad.ee\/hellerkantri\/wp-json\/wp\/v2\/media?parent=13393"}],"curies":[{"name":"wp","href":"https:\/\/api.w.org\/{rel}","templated":true}]}}