{"id":13501,"date":"2020-03-31T16:47:53","date_gmt":"2020-03-31T14:47:53","guid":{"rendered":"https:\/\/kelgukoerad.ee\/hellerkantri\/?page_id=13501"},"modified":"2020-03-31T16:51:20","modified_gmt":"2020-03-31T14:51:20","slug":"elektra","status":"publish","type":"page","link":"https:\/\/kelgukoerad.ee\/hellerkantri\/elektra\/","title":{"rendered":"Hellerkantri Elektra"},"content":{"rendered":"\n<p><strong>Rakendis tiimikoer<\/strong><\/p>\n\n\n\n<p><strong>S\u00fcndinud:<\/strong> 18.10.2013<br><strong>Ema: <\/strong>Hellerkantri Zissy<br><strong>Isa:<\/strong> Enzo Begantis Vilkas<br><strong>Kasvataja &amp; omanik:<\/strong> Helle Kaljula<br><a href=\"https:\/\/register.kennelliit.ee\/index.php?page=dogCard&amp;dogId=178454\" target=\"_blank\" rel=\"noreferrer noopener\" aria-label=\"FCI \/ Eesti Kennelliidu register (opens in a new tab)\">FCI \/ Eesti Kennelliidu register<\/a><\/p>\n\n\n\n<figure class=\"wp-block-image\"><img loading=\"lazy\" width=\"750\" height=\"343\" src=\"https:\/\/kelgukoerad.ee\/hellerkantri\/wp-content\/uploads\/2017\/09\/Hellerkantri-siberi-huskyd-750x343.jpg\" alt=\"\" class=\"wp-image-9129\" srcset=\"https:\/\/kelgukoerad.ee\/hellerkantri\/wp-content\/uploads\/2017\/09\/Hellerkantri-siberi-huskyd-750x343.jpg 750w, https:\/\/kelgukoerad.ee\/hellerkantri\/wp-content\/uploads\/2017\/09\/Hellerkantri-siberi-huskyd-600x275.jpg 600w, https:\/\/kelgukoerad.ee\/hellerkantri\/wp-content\/uploads\/2017\/09\/Hellerkantri-siberi-huskyd-200x92.jpg 200w, https:\/\/kelgukoerad.ee\/hellerkantri\/wp-content\/uploads\/2017\/09\/Hellerkantri-siberi-huskyd-300x137.jpg 300w, https:\/\/kelgukoerad.ee\/hellerkantri\/wp-content\/uploads\/2017\/09\/Hellerkantri-siberi-huskyd-768x352.jpg 768w, https:\/\/kelgukoerad.ee\/hellerkantri\/wp-content\/uploads\/2017\/09\/Hellerkantri-siberi-huskyd.jpg 1420w\" sizes=\"(max-width: 750px) 100vw, 750px\" \/><figcaption>Nagu kaks tilka vett \u2013 Elektra ja Energyman.<\/figcaption><\/figure>\n\n\n\n<figure class=\"wp-block-image size-large\"><img loading=\"lazy\" width=\"750\" height=\"500\" src=\"https:\/\/kelgukoerad.ee\/hellerkantri\/wp-content\/uploads\/2018\/10\/Hellerkantri-Huskypark-siberi-huskyd-Energyman-Elektra-750x500.jpg\" alt=\"\" class=\"wp-image-10757\" srcset=\"https:\/\/kelgukoerad.ee\/hellerkantri\/wp-content\/uploads\/2018\/10\/Hellerkantri-Huskypark-siberi-huskyd-Energyman-Elektra-750x500.jpg 750w, https:\/\/kelgukoerad.ee\/hellerkantri\/wp-content\/uploads\/2018\/10\/Hellerkantri-Huskypark-siberi-huskyd-Energyman-Elektra-200x133.jpg 200w, https:\/\/kelgukoerad.ee\/hellerkantri\/wp-content\/uploads\/2018\/10\/Hellerkantri-Huskypark-siberi-huskyd-Energyman-Elektra-300x200.jpg 300w, https:\/\/kelgukoerad.ee\/hellerkantri\/wp-content\/uploads\/2018\/10\/Hellerkantri-Huskypark-siberi-huskyd-Energyman-Elektra-768x512.jpg 768w, https:\/\/kelgukoerad.ee\/hellerkantri\/wp-content\/uploads\/2018\/10\/Hellerkantri-Huskypark-siberi-huskyd-Energyman-Elektra-600x400.jpg 600w\" sizes=\"(max-width: 750px) 100vw, 750px\" \/><figcaption>Energyman ja Elektra trenni mineku ootel<\/figcaption><\/figure>\n\n\n\n<figure class=\"wp-block-image size-large\"><img loading=\"lazy\" width=\"750\" height=\"519\" src=\"https:\/\/kelgukoerad.ee\/hellerkantri\/wp-content\/uploads\/2013\/05\/siberi-husky-Hellerkantri-Elektra-17-11-2013-750x519.jpg\" alt=\"\" class=\"wp-image-5388\" srcset=\"https:\/\/kelgukoerad.ee\/hellerkantri\/wp-content\/uploads\/2013\/05\/siberi-husky-Hellerkantri-Elektra-17-11-2013-750x519.jpg 750w, https:\/\/kelgukoerad.ee\/hellerkantri\/wp-content\/uploads\/2013\/05\/siberi-husky-Hellerkantri-Elektra-17-11-2013-600x415.jpg 600w, https:\/\/kelgukoerad.ee\/hellerkantri\/wp-content\/uploads\/2013\/05\/siberi-husky-Hellerkantri-Elektra-17-11-2013-200x138.jpg 200w, https:\/\/kelgukoerad.ee\/hellerkantri\/wp-content\/uploads\/2013\/05\/siberi-husky-Hellerkantri-Elektra-17-11-2013-300x207.jpg 300w, https:\/\/kelgukoerad.ee\/hellerkantri\/wp-content\/uploads\/2013\/05\/siberi-husky-Hellerkantri-Elektra-17-11-2013-190x131.jpg 190w, https:\/\/kelgukoerad.ee\/hellerkantri\/wp-content\/uploads\/2013\/05\/siberi-husky-Hellerkantri-Elektra-17-11-2013-60x41.jpg 60w, https:\/\/kelgukoerad.ee\/hellerkantri\/wp-content\/uploads\/2013\/05\/siberi-husky-Hellerkantri-Elektra-17-11-2013-400x276.jpg 400w, https:\/\/kelgukoerad.ee\/hellerkantri\/wp-content\/uploads\/2013\/05\/siberi-husky-Hellerkantri-Elektra-17-11-2013.jpg 1000w\" sizes=\"(max-width: 750px) 100vw, 750px\" \/><figcaption>Selline n\u00e4gi Elektra v\u00e4lja kutsikana :) Elektra v\u00e4rvi huskyd on kutsikana hall-valged v\u00f5i isegi must-valged. Kasvades muutub v\u00e4rvus \u00fcha heledamaks kuni seljale j\u00e4\u00e4b vaid n.\u00f6. hallikas sadul. Inglise keeles nimetatakse sellist huskyde v\u00e4rvust\u00a0<em>white saddleback.<\/em><\/figcaption><\/figure>\n","protected":false},"excerpt":{"rendered":"<p>Rakendis tiimikoer S\u00fcndinud: 18.10.2013Ema: Hellerkantri ZissyIsa: Enzo Begantis VilkasKasvataja &amp; omanik: Helle KaljulaFCI \/ Eesti Kennelliidu register<\/p>\n","protected":false},"author":1,"featured_media":13502,"parent":0,"menu_order":0,"comment_status":"closed","ping_status":"closed","template":"","meta":{"_monsterinsights_skip_tracking":false,"_monsterinsights_sitenote_active":false,"_monsterinsights_sitenote_note":"","_monsterinsights_sitenote_category":0},"yoast_head":"<!-- This site is optimized with the Yoast SEO plugin v14.9 - https:\/\/yoast.com\/wordpress\/plugins\/seo\/ -->\n<title>Hellerkantri Elektra - Hellerkantri Huskypark<\/title>\n<meta name=\"robots\" content=\"index, follow, max-snippet:-1, max-image-preview:large, max-video-preview:-1\" \/>\n<link rel=\"canonical\" href=\"https:\/\/kelgukoerad.ee\/hellerkantri\/elektra\/\" \/>\n<meta property=\"og:locale\" content=\"en_US\" \/>\n<meta property=\"og:type\" content=\"article\" \/>\n<meta property=\"og:title\" content=\"Hellerkantri Elektra - Hellerkantri Huskypark\" \/>\n<meta property=\"og:description\" content=\"Rakendis tiimikoer S\u00fcndinud: 18.10.2013Ema: Hellerkantri ZissyIsa: Enzo Begantis VilkasKasvataja &amp; omanik: Helle KaljulaFCI \/ Eesti Kennelliidu register\" \/>\n<meta property=\"og:url\" content=\"https:\/\/kelgukoerad.ee\/hellerkantri\/elektra\/\" \/>\n<meta property=\"og:site_name\" content=\"Hellerkantri Huskypark\" \/>\n<meta property=\"article:modified_time\" content=\"2020-03-31T14:51:20+00:00\" \/>\n<meta property=\"og:image\" content=\"https:\/\/kelgukoerad.ee\/hellerkantri\/wp-content\/uploads\/2020\/03\/Hellerkantri-Electra-2019-1.jpg\" \/>\n\t<meta property=\"og:image:width\" content=\"2048\" \/>\n\t<meta property=\"og:image:height\" content=\"937\" \/>\n<meta name=\"twitter:card\" content=\"summary_large_image\" \/>\n<script type=\"application\/ld+json\" class=\"yoast-schema-graph\">{\"@context\":\"https:\/\/schema.org\",\"@graph\":[{\"@type\":\"WebSite\",\"@id\":\"https:\/\/kelgukoerad.ee\/hellerkantri\/#website\",\"url\":\"https:\/\/kelgukoerad.ee\/hellerkantri\/\",\"name\":\"Hellerkantri Huskypark\",\"description\":\"Hellerkantri Huskypark - kelgukoerte kasvandus ja talu Raplamaal\",\"potentialAction\":[{\"@type\":\"SearchAction\",\"target\":\"https:\/\/kelgukoerad.ee\/hellerkantri\/?s={search_term_string}\",\"query-input\":\"required name=search_term_string\"}],\"inLanguage\":\"en-US\"},{\"@type\":\"ImageObject\",\"@id\":\"https:\/\/kelgukoerad.ee\/hellerkantri\/elektra\/#primaryimage\",\"inLanguage\":\"en-US\",\"url\":\"https:\/\/kelgukoerad.ee\/hellerkantri\/wp-content\/uploads\/2020\/03\/Hellerkantri-Electra-2019-1.jpg\",\"width\":2048,\"height\":937},{\"@type\":\"WebPage\",\"@id\":\"https:\/\/kelgukoerad.ee\/hellerkantri\/elektra\/#webpage\",\"url\":\"https:\/\/kelgukoerad.ee\/hellerkantri\/elektra\/\",\"name\":\"Hellerkantri Elektra - Hellerkantri Huskypark\",\"isPartOf\":{\"@id\":\"https:\/\/kelgukoerad.ee\/hellerkantri\/#website\"},\"primaryImageOfPage\":{\"@id\":\"https:\/\/kelgukoerad.ee\/hellerkantri\/elektra\/#primaryimage\"},\"datePublished\":\"2020-03-31T14:47:53+00:00\",\"dateModified\":\"2020-03-31T14:51:20+00:00\",\"inLanguage\":\"en-US\",\"potentialAction\":[{\"@type\":\"ReadAction\",\"target\":[\"https:\/\/kelgukoerad.ee\/hellerkantri\/elektra\/\"]}]}]}<\/script>\n<!-- \/ Yoast SEO plugin. -->","_links":{"self":[{"href":"https:\/\/kelgukoerad.ee\/hellerkantri\/wp-json\/wp\/v2\/pages\/13501"}],"collection":[{"href":"https:\/\/kelgukoerad.ee\/hellerkantri\/wp-json\/wp\/v2\/pages"}],"about":[{"href":"https:\/\/kelgukoerad.ee\/hellerkantri\/wp-json\/wp\/v2\/types\/page"}],"author":[{"embeddable":true,"href":"https:\/\/kelgukoerad.ee\/hellerkantri\/wp-json\/wp\/v2\/users\/1"}],"replies":[{"embeddable":true,"href":"https:\/\/kelgukoerad.ee\/hellerkantri\/wp-json\/wp\/v2\/comments?post=13501"}],"version-history":[{"count":5,"href":"https:\/\/kelgukoerad.ee\/hellerkantri\/wp-json\/wp\/v2\/pages\/13501\/revisions"}],"predecessor-version":[{"id":13509,"href":"https:\/\/kelgukoerad.ee\/hellerkantri\/wp-json\/wp\/v2\/pages\/13501\/revisions\/13509"}],"wp:featuredmedia":[{"embeddable":true,"href":"https:\/\/kelgukoerad.ee\/hellerkantri\/wp-json\/wp\/v2\/media\/13502"}],"wp:attachment":[{"href":"https:\/\/kelgukoerad.ee\/hellerkantri\/wp-json\/wp\/v2\/media?parent=13501"}],"curies":[{"name":"wp","href":"https:\/\/api.w.org\/{rel}","templated":true}]}}